e greatest common factor of 10 and t.
2
Suppose -30 - 18 = 2*z. Let n = z - -48. Let k(j) = 2*j - 18. Let u be k(12). What is the greatest common divisor of u and n?
6
Let v be 4*-1*(-9)/6. Suppose -v*c + 1265 = -c. What is the highest common divisor of 23 and c?
23
Let r be -2*(-1 - 0)*24. Let l = r - 29. Suppose -3*b + l = 1. What is the greatest common divisor of b and 42?
6
Suppose -4*x = x - 10. Let i(f) be the first derivative of 10*f**2 - 27. Let q be i(x). Calculate the greatest common factor of 16 and q.
8
Suppose -2*z + 15 = 3*z. Let f = z - 1. Suppose 3*c - f = c. Calculate the greatest common divisor of c and 1.
1
Suppose -i + 3*y + 2 = 0, -4*i - y + 31 = -42. Let c = -9 + i. Let q = -4 + 24. What is the greatest common factor of c and q?
4
Let w(n) = 2*n**2 - 9*n - 8. Let i be w(8). Calculate the highest common factor of i and 24.
24
Let m(o) = o**2 - 4*o + 2. Suppose -2*z + 18 = z. Suppose -3*k = -2*t + 19, 5*k = -z*t + 3*t. Let p be m(t). What is the greatest common divisor of 35 and p?
7
Suppose -3*d + 175 = -4*w, -2*d = -7*d + 2*w + 287. Let c = -32 + d. Calculate the greatest common divisor of c and 175.
25
Suppose -11 = -5*q - 1. Let n be 30*(1 - q/3). What is the highest common divisor of n and 10?
10
Let g be 1 + (1 + 0 - 0). Suppose -t + 5 = -3*f, -4*f - 18 = -4*t + g*t. Suppose -5*a = -8 - t. Calculate the greatest common divisor of 5 and a.
5
Let y = 503 + -206. Suppose 5*x = -2*f + 69, -3*f - f - 4*x = -120. Calculate the highest common factor of f and y.
27
Let b be (18/(-10) + 1)*-5. Suppose -y + 18 - b = 0. Let q be 12/(-9)*(-210)/4. What is the highest common factor of q and y?
14
Let l(q) = 73*q - 1. Let z be l(1). Suppose -3*k = p + 5 + 5, -k = -2*p + 8. Suppose 0 = 5*h - p*h - z. Calculate the greatest common factor of 8 and h.
8
Let m(d) = d**2 - 5*d + 5. Let i be m(5). Let s(t) = -t**2 - 11*t + 22. Let f be s(-9). What is the greatest common divisor of f and i?
5
Suppose 12*m = 5*m + 28. Calculate the highest common divisor of m and 16.
4
Let i(h) = -h**3 + 4*h**2 + 7*h + 4. Let s be i(5). What is the highest common divisor of 112 and s?
14
Let t = -7 - -12. Suppose -t*n + 5 = -5. Suppose -n*c + 64 = -0*c. Calculate the highest common factor of 4 and c.
4
Suppose -24 + 8 = 4*q. Let c(l) = -l**3 - 2*l**2 + 2*l + 3. Let p be c(q). Calculate the highest common divisor of p and 9.
9
Let n = 54 - 24. Let p be 6/n + (-9)/(-5). What is the highest common divisor of 4 and p?
2
Suppose 0 = -5*n + 5*v + 20, 5*v + 5 = n - 7. Let g be (9/3 - 4)/(-1). What is the highest common factor of g and n?
1
Suppose 24 - 1 = q. Suppose -g = -9 - q. What is the highest common divisor of g and 4?
4
Let q be 3*(-1 + 0) - -22. Calculate the greatest common factor of q and 19.
19
Let z be 1/(2 - 482/242). Calculate the greatest common factor of z and 11.
11
Suppose -4*f - 14 = -t - t, 3*t + 5*f - 10 = 0. What is the greatest common factor of t and 95?
5
Let f(n) = n**3 - 10*n**2 - 7. Let t be f(8). Let z be t/(12/8 + -3). Calculate the highest common factor of 10 and z.
10
Suppose 2*d - 2116 - 582 = -3*a, -5*a - 3*d = -4498. Let r = a + -623. Calculate the highest common factor of r and 31.
31
Let z be 168/(-49)*(-70)/4. Calculate the highest common divisor of 24 and z.
12
Let i be (-3 - -5 - 2) + 3. Suppose 0*w = -i*w + 33. Suppose -7*c + w*c - 100 = 0. What is the greatest common divisor of c and 75?
25
Suppose 976 = l + 3*l. Suppose -3*o + l = -4*k, 0 = 6*o - 2*o - 4*k - 324. What is the highest common divisor of o and 10?
10
Suppose 920 = 5*h - y, 2*h = -2*y + y + 368. Calculate the highest common divisor of 23 and h.
23
Let i = 21 + -4. Let o be 8/(-4)*-2 - -64. Calculate the greatest common factor of i and o.
17
Let r(t) = -t**2 - 7*t + 6. Let q be r(-6). Calculate the highest common divisor of q and 48.
12
Suppose -321 = -2*v + 4*i + 43, i = 5. Calculate the greatest common divisor of 64 and v.
64
Let i(x) be the third derivative of x**5/60 + x**4/24 - x**3 - 2*x**2. Let d be i(5). What is the greatest common factor of 16 and d?
8
Let r be ((-27)/(-45))/((-1)/(-10)). Suppose 0*i = -4*m - 2*i + r, -5*m + 30 = -2*i. Let b = 71 + -51. Calculate the greatest common factor of b and m.
4
Let u(h) = -3*h + 81. Let z be u(26). Suppose -i + 6*i = 30. What is the highest common divisor of z and i?
3
Let h be (-9)/3*(-40)/6. Suppose 2*v = 4*v - 4*o - 20, 0 = 5*v + 4*o + h. Suppose -m + 1 = -v. Calculate the greatest common divisor of m and 4.
1
Let u(s) = -6*s - 7*s + 3*s + 2. Let i(p) = p**2 - p - 4. Let l be i(0). Let n be u(l). Calculate the highest common factor of 63 and n.
21
Let b = 45 + -39. What is the highest common divisor of b and 6?
6
Suppose -g - 2 = -2*g. Let i = g - -5. Calculate the greatest common factor of i and 14.
7
Let z = -51 + 57. What is the greatest common factor of 96 and z?
6
Let u = -109 - -169. Let j be (u/(-25))/((-2)/135). What is the greatest common factor of 18 and j?
18
Let d be 32*(-3)/(-6)*3. What is the greatest common divisor of d and 6?
6
Suppose 5*f = f - 44. Let k = 3 - f. Let i = 2 + 33. What is the greatest common factor of k and i?
7
Suppose 30*m - 31*m = -16. What is the greatest common divisor of 8 and m?
8
Let i(q) = -2*q - 4. Let x be i(-3). Let r(p) = -2*p + 1. Let d be r(6). Let l = x - d. What is the highest common divisor of 143 and l?
13
Suppose -14*z = -9*z - 170. What is the greatest common divisor of 85 and z?
17
Suppose 30 = 5*s - 20. What is the greatest common divisor of 50 and s?
10
Suppose -33 = -g - 2*g. Suppose 5*c - 4*k - k - 25 = 0, -3*c + k = -11. Suppose -c*a - 11 = -242. What is the highest common divisor of a and g?
11
Suppose 2*s + 10 = -3*s, 5*l - 5*s = 20. Let a = -149 - -248. Let t be l/(105/a + -1). What is the highest common divisor of 22 and t?
11
Let d(h) = h - 14. Let r be d(18). Calculate the highest common factor of 20 and r.
4
Suppose 8*o = 4*o. Suppose o = -3*q + 8 + 52. Suppose 0*d - 180 = -d. Calculate the greatest common factor of q and d.
20
Suppose -304 = 14*o - 16*o. Calculate the greatest common divisor of o and 19.
19
Let w(t) = -t**2 + 6*t. Let f be w(6). Suppose -p + 7*p - 546 = f. What is the highest common divisor of 13 and p?
13
Suppose -4 = -2*x, -196 = -3*o - 4*x + 148. Calculate the greatest common factor of 14 and o.
14
Suppose -2*y + 39 + 43 = -5*w, y + 3*w = 30. Let i be (y/16)/(2/24). Calculate the highest common factor of i and 18.
9
Let z(t) = 4*t - 17. Let x be z(5). Let n = 6 - 3. What is the highest common divisor of x and n?
3
Let i be (-2)/(6/(-11))*(6 + -3). What is the greatest common divisor of i and 1?
1
Let x(z) = -3*z**2 + 8*z - 8. Let y be x(8). Let b = 269 + y. Calculate the highest common factor of b and 19.
19
Suppose -w - 5 + 11 = 0. Suppose 0 = -2*d + 7 - 1. Calculate the highest common divisor of w and d.
3
Let k = -64 - -120. What is the highest common factor of k and 14?
14
Suppose -2*c - 2*c + 16 = 0. Suppose -c*o = -o - 6. Suppose 4*r + 2*m + 4 = -m, 5*r - 18 = o*m. What is the highest common divisor of 10 and r?
2
Suppose -5*p - 8*p = -104. Let f be 2006/6 + (-4)/(-6). Suppose 71 = -3*d + f. What is the highest common factor of p and d?
8
Suppose -15*v = -778 - 1022. Calculate the highest common factor of 8 and v.
8
Let l be ((-48)/(-20))/((-20)/(-150)). Let c(g) = 4*g**2 - 4*g + 3. Let k be c(3). What is the greatest common divisor of l and k?
9
Let c be -1 + (12 - (3 - 0)). Let o = 63 + -39. Calculate the highest common factor of o and c.
8
Let h = -55 + 80. Let r be ((-10)/h)/(2/(-90)). Calculate the highest common factor of 18 and r.
18
Let p = 4 + 1. Suppose 3*m + 36 + 48 = 2*z, 0 = 3*z + 3*m - 156. Let c = z - -7. What is the highest common divisor of p and c?
5
Let k(v) = 3*v**2 - 1. Let l be k(1). Let p be l*13/2 - 2. Suppose t = -5*y + 52, 2*t - 5*t = 5*y - 206. What is the highest common factor of t and p?
11
Suppose -m + 4*b = -2, m - 30 = -4*b - 4. Calculate the greatest common factor of m and 14.
14
Let d = -314 - -446. Suppose -2*t - 144 = -4*t. Suppose 0 = -5*r + z + 3*z + t, -2*r + 21 = z. Calculate the highest common factor of r and d.
12
Suppose -2*i = f + 63, -5*i - 28 = 2*f + 100. Let p = 85 + f. Calculate the greatest common factor of 13 and p.
13
Let k(b) = -6*b. Let j(s) = 4*s. Let t be j